e
Is 23 a factor of 3565?
True
Does 8 divide 566?
False
Is 108 a multiple of 50?
False
Is 73768 a multiple of 6?
False
Is 10 a factor of 13990?
True
Is 1822 a multiple of 6?
False
Is 3028 a multiple of 29?
False
Is 47975 a multiple of 12?
False
Is 1037 even?
False
Does 169 divide 10140?
True
Is 3 a factor of 401?
False
Does 129 divide 44634?
True
Is 5904 a multiple of 36?
True
Is 825 a multiple of 11?
True
Does 19 divide 513?
True
Is 8835 a multiple of 43?
False
Is 4940 a multiple of 3?
False
Is 12861 a multiple of 64?
False
Is 9 a factor of 2095?
False
Does 23 divide 6072?
True
Does 55 divide 5832?
False
Does 23 divide 1362?
False
Is 3499 a multiple of 4?
False
Does 13 divide 1395?
False
Is 129 a factor of 40679?
False
Is 34112 a multiple of 13?
True
Is 23 a factor of 46?
True
Is 124 a factor of 19762?
False
Is 59 a factor of 7493?
True
Is 20 a factor of 66?
False
Is 372 a multiple of 6?
True
Is 10 a factor of 32441?
False
Is 1328 a multiple of 83?
True
Is 3 a factor of 269?
False
Is 3995 a multiple of 8?
False
Does 10 divide 3669?
False
Is 560 a multiple of 7?
True
Is 18 a factor of 4440?
False
Is 10 a factor of 25290?
True
Is 4 a factor of 16865?
False
Does 29 divide 1515?
False
Does 37 divide 3256?
True
Is 8 a factor of 230?
False
Does 257 divide 60395?
True
Is 41616 a multiple of 144?
True
Is 37 a factor of 47033?
False
Is 18468 a multiple of 27?
True
Is 3505 a multiple of 21?
False
Is 517 a multiple of 27?
False
Is 23 a factor of 4350?
False
Is 5 a factor of 2075?
True
Does 2 divide 4582?
True
Is 480 a multiple of 32?
True
Is 29 a factor of 1349?
False
Is 101 a multiple of 5?
False
Is 143 a factor of 6484?
False
Does 4 divide 777?
False
Does 24 divide 67?
False
Is 3764 a multiple of 18?
False
Is 76 a factor of 83144?
True
Is 12188 a multiple of 22?
True
Does 47 divide 99803?
False
Is 3 a factor of 40?
False
Is 25 a factor of 3482?
False
Is 3685 a multiple of 67?
True
Is 28 a factor of 796?
False
Is 39 a factor of 624?
True
Is 372 a factor of 43857?
False
Is 11 a factor of 4185?
False
Does 12 divide 451?
False
Is 55 a factor of 4467?
False
Does 7 divide 21056?
True
Is 1398 a multiple of 89?
False
Is 15520 a multiple of 10?
True
Does 62 divide 1302?
True
Is 35975 a multiple of 201?
False
Is 378 a multiple of 27?
True
Does 13 divide 4223?
False
Is 31 a factor of 8215?
True
Is 1028 a multiple of 141?
False
Is 64104 a multiple of 4?
True
Does 18 divide 120312?
True
Is 1553 a multiple of 17?
False
Does 11 divide 903?
False
Is 66 a factor of 16894?
False
Does 30 divide 5524?
False
Is 6 a factor of 4516?
False
Does 72 divide 726?
False
Does 24 divide 408?
True
Does 3 divide 110?
False
Does 249 divide 12761?
False
Is 23 a factor of 897?
True
Does 6 divide 5644?
False
Does 5 divide 9373?
False
Does 2 divide 12680?
True
Is 44845 a multiple of 103?
False
Does 111 divide 333?
True
Is 2781 a multiple of 7?
False
Does 9 divide 15518?
False
Does 46 divide 26818?
True
Is 1898 a multiple of 73?
True
Is 21 a factor of 1848?
True
Is 60 a factor of 1260?
True
Does 10 divide 850?
True
Is 1545 a multiple of 15?
True
Is 3577 a multiple of 10?
False
Is 1384 a multiple of 12?
False
Does 16 divide 416?
True
Is 21 a factor of 903?
True
Is 13818 a multiple of 17?
False
Does 78 divide 2652?
True
Does 10 divide 2014?
False
Is 62 a factor of 9921?
False
Is 192 a multiple of 24?
True
Is 1708 a multiple of 7?
True
Does 5 divide 106?
False
Is 166 a factor of 15348?
False
Is 8108 a multiple of 21?
False
Is 6 a factor of 7063?
False
Does 83 divide 2075?
True
Is 17 a factor of 1496?
True
Does 56 divide 7182?
False
Is 3373 a multiple of 5?
False
Is 3 a factor of 3556?
False
Is 11208 a multiple of 24?
True
Is 8048 a multiple of 34?
False
Does 66 divide 330?
True
Is 1482 a multiple of 19?
True
Does 64 divide 320?
True
Does 8 divide 568?
True
Is 9 a factor of 504?
True
Is 2793 a multiple of 133?
True
Does 22 divide 322?
False
Is 852 a multiple of 13?
False
Does 21 divide 5880?
True
Is 3354 a multiple of 129?
True
Does 41 divide 3614?
False
Does 11 divide 29387?
False
Is 92 a factor of 16468?
True
Does 10 divide 1005?
False
Does 5 divide 16453?
False
Does 114 divide 10589?
False
Does 24 divide 2174?
False
Does 139 divide 36159?
False
Is 98672 a multiple of 22?
False
Is 28 a factor of 56?
True
Is 506 a multiple of 22?
True
Is 96 a multiple of 12?
True
Is 103 a factor of 2971?
False
Is 26 a factor of 52?
True
Is 473 a multiple of 4?
False
Is 48 a factor of 2016?
True
Is 5444 a multiple of 13?
False
Is 60 a factor of 18226?
False
Is 6 a factor of 21528?
True
Is 36 a factor of 11005?
False
Is 41 a factor of 17006?
False
Is 65 a factor of 7590?
False
Is 18 a factor of 803?
False
Is 5 a factor of 7495?
True
Is 27 a factor of 351?
True
Is 946 a multiple of 43?
True
Does 10 divide 90?
True
Does 95 divide 5320?
True
Is 8 a factor of 1024?
True
Is 45451 a multiple of 30?
False
Does 9 divide 471?
False
Does 103 divide 16473?
False
Does 53 divide 795?
True
Is 24 a factor of 13824?
True
Is 1638 a multiple of 6?
True
Is 34 a factor of 15327?
False
Does 200 divide 65240?
False
Does 28 divide 7085?
False
Does 15 divide 11130?
True
Does 96 divide 3840?
True
Is 34 a factor of 1121?
False
Does 19 divide 15390?
True
Does 47 divide 658?
True
Is 530 a multiple of 7?
False
Is 95 a factor of 15068?
False
Does 20 divide 23940?
True
Does 2 divide 3676?
True
Is 6180 a multiple of 20?
True
Is 45953 a multiple of 29?
False
Is 5558 a multiple of 163?
False
Does 136 divide 5168?
True
Is 32 a factor of 382?
False
Is 22 a factor of 22?
True
Is 16 a factor of 276?
False
Is 1667 a multiple of 35?
False
Is 4 a factor of 22644?
True
Does 24 divide 2544?
True
Is 43 a factor of 1530?
False
Is 89670 a multiple of 15?
True
Is 7 a factor of 2457?
True
Is 12 a factor of 705?
False
Is 41 a factor of 18903?
False
Does 5 divide 17818?
False
Is 19564 a multiple of 4?
True
Does 6 divide 729?
False
Does 87 divide 870?
True
Does 69 divide 552?
True
Is 194 a multiple of 15?
False
Is 3 a factor of 549?
True
Is 44 a factor of 3086?
False
Does 57 divide 33174?
True
Is 29 a factor of 4611?
True
Is 18165 a multiple of 15?
True
Is 100 a multiple of 12?
False
Does 20 divide 1992?
False
Is 1697 a multiple of 164?
False
Does 28 divide 3165?
False
Is 364 a multiple of 52?
True
Is 560 a multiple of 28?
True
Does 24 divide 264?
True
Is 10 a factor of 11090?
True
Does 57 divide 3420?
True
Does 2 divide 45?
False
Is 429 a multiple of 11?
True
Does 10 divide 24257?
False
Is 5 a factor of 295?
True
Does 18 divide 1126?
False
Does 59 divide 13393?
True
Is 16 a factor of 2667?
False
Is 919 a multiple of 46?
False
Is 12 a factor of 4668?
True
Does 18 divide 666?
True
Does 11 divide 35300?
False
Is 3 a factor of 98?
False
Is 11 a factor of 6941?
True
Does 25 divide 1475?
True
Is 15 a factor of 285?
True
Is 293 a multiple of 6?
False
Is 33 a factor of 1151?
False
Is 1615 a multiple of 2?
False
Is 121 a factor of 7744?
True
Does 41 divide 82?
True
Does 7 divide 11249?
True
Does 55 divide 2310?
True
Does 3 divide 4290?
True
Does 9 divide 3703?
False
Is 780 a multiple of 65?
True
Is 58 a multiple of 8?
False
Is 12 a factor of 11747?
False
Does 16 divide 72185?
False
Does 5 divide 97?
False
Is 4167 a multiple of 3?
True
Is 67 a factor of 4042?
False
Is 3 a factor of 117?
True
Does 16 divide 134?
False
Is 16 a factor of 30250?
False
Does 147 divide 9114?
True
Is 140 a factor of 743?
False
Does 17 divide 2261?
True
Is 187712 a multiple of 16?
True
Does 104 divide 12688?
True
Is 338 a multiple of 6?
False
Is 16 a factor of 942?
False
Does 14 divide 64799?
False
Is 43 a factor of 92407?
True
Is 7040 a multiple of 110?
True
Is 9591 a multiple of 23?
True
Does 49 divide 25578?
True
Is 48 a multiple of 4?
True
Is 756 a multiple of 28?
True
Does 7 divide 91?
True
Does 3 divide 5265?
True
Is 521 a multiple of 71?
False
Is 2701 a multiple of 8?
False
Is 28 a factor of 9183?
False
Is 14 a factor of 25088?
True
Is 459 a multiple of 28?
False
Is 327 a multiple of 3?
True
Is 5771 a multiple of 8?
False
Is 52 a factor of 3303?
False
Is 3738 even?
True
Is 28 a factor of 476?
True
Is 1046 a multiple of 9?
False
Is 32 a factor of 384?
True
Is 15 a factor of 105?
True
Does 16 divide 23920?
True
Does 3 divide 3481?
False
Is 10918 a multiple of 53?
True
Is 14 a factor o